 base 16
2e
Convert 11 (base 11) to base 16.
c
What is 3 (base 14) in base 10?
3
What is 1 (base 12) in base 8?
1
What is -cb (base 15) in base 8?
-277
What is -122 (base 4) in base 14?
-1c
What is 19 (base 10) in base 11?
18
Convert 116 (base 7) to base 8.
76
-2 (base 5) to base 13
-2
-39 (base 10) to base 3
-1110
Convert -a7 (base 15) to base 14.
-b3
-cb (base 13) to base 16
-a7
Convert -5 (base 6) to base 14.
-5
Convert -1 (base 14) to base 6.
-1
Convert -3b (base 12) to base 10.
-47
What is -17 (base 11) in base 8?
-22
-110 (base 2) to base 15
-6
-22 (base 13) to base 11
-26
172 (base 8) to base 4
1322
What is -1 (base 2) in base 10?
-1
-33 (base 11) to base 8
-44
Convert 321 (base 4) to base 5.
212
Convert -177 (base 8) to base 13.
-9a
Convert 11 (base 8) to base 16.
9
10 (base 3) to base 14
3
Convert -4 (base 8) to base 15.
-4
What is -11 (base 2) in base 3?
-10
11 (base 8) to base 12
9
Convert 215 (base 9) to base 8.
260
15 (base 12) to base 10
17
What is -50 (base 7) in base 11?
-32
Convert -d (base 15) to base 8.
-15
10011 (base 3) to base 14
61
What is -135 (base 7) in base 9?
-83
What is 28 (base 9) in base 6?
42
What is 7 (base 13) in base 9?
7
What is 21120 (base 3) in base 4?
3030
215 (base 6) to base 16
53
116 (base 9) to base 10
96
-2 (base 8) to base 13
-2
What is -31 (base 4) in base 6?
-21
220 (base 6) to base 14
60
Convert -44 (base 14) to base 13.
-48
What is 5 (base 16) in base 12?
5
Convert -97 (base 16) to base 6.
-411
Convert -15 (base 6) to base 13.
-b
Convert -223 (base 4) to base 7.
-61
What is -aa (base 13) in base 16?
-8c
0 (base 4) to base 10
0
10001110 (base 2) to base 13
ac
Convert 5 (base 14) to base 4.
11
-157 (base 15) to base 13
-1a8
1 (base 13) to base 11
1
Convert -2 (base 3) to base 15.
-2
Convert -220 (base 3) to base 7.
-33
-5 (base 16) to base 11
-5
0 (base 3) to base 12
0
What is 1 (base 5) in base 6?
1
What is -13 (base 4) in base 11?
-7
58 (base 13) to base 14
53
What is a (base 13) in base 4?
22
Convert 122 (base 16) to base 5.
2130
What is -2b (base 12) in base 16?
-23
What is -7 (base 16) in base 11?
-7
Convert 167 (base 12) to base 2.
11011111
What is 14 (base 14) in base 15?
13
-21 (base 3) to base 14
-7
Convert -5 (base 12) to base 10.
-5
26 (base 9) to base 11
22
What is -3 (base 9) in base 2?
-11
What is -10 (base 2) in base 4?
-2
Convert -24 (base 5) to base 14.
-10
Convert -1101 (base 2) to base 4.
-31
What is -4 (base 13) in base 11?
-4
-564 (base 8) to base 2
-101110100
Convert 2 (base 16) to base 6.
2
What is 32 (base 5) in base 11?
16
Convert 35 (base 9) to base 12.
28
9 (base 16) to base 9
10
Convert 0 (base 2) to base 12.
0
-1002 (base 5) to base 12
-a7
Convert -42 (base 9) to base 16.
-26
-15 (base 6) to base 12
-b
-11111 (base 2) to base 4
-133
What is 37 (base 8) in base 9?
34
What is 200 (base 5) in base 15?
35
-135 (base 7) to base 10
-75
Convert 2 (base 12) to base 7.
2
-56 (base 7) to base 5
-131
What is 12 (base 7) in base 6?
13
What is 54 (base 15) in base 6?
211
What is 110011 (base 2) in base 13?
3c
Convert -9 (base 16) to base 12.
-9
What is -89 (base 14) in base 12?
-a1
What is -3 (base 12) in base 6?
-3
Convert a9 (base 14) to base 16.
95
3 (base 15) to base 14
3
What is -44 (base 12) in base 3?
-1221
What is -12 (base 16) in base 2?
-10010
0 (base 14) to base 13
0
What is -9 (base 10) in base 12?
-9
Convert 3 (base 15) to base 4.
3
10 (base 9) to base 5
14
-254 (base 8) to base 5
-1142
0 (base 16) to base 5
0
103 (base 4) to base 11
18
What is -12 (base 13) in base 3?
-120
What is 6 (base 11) in base 8?
6
Convert -32 (base 12) to base 3.
-1102
11 (base 2) to base 7
3
What is a3 (base 14) in base 15?
98
What is 55 (base 8) in base 3?
1200
What is 100 (base 5) in base 7?
34
-106 (base 11) to base 12
-a7
27 (base 16) to base 8
47
Convert 2 (base 11) to base 10.
2
What is -5 (base 16) in base 12?
-5
-d (base 16) to base 10
-13
What is -5 (base 10) in base 12?
-5
What is 7 (base 9) in base 3?
21
Convert 1 (base 5) to base 2.
1
28 (base 14) to base 13
2a
Convert 100 (base 3) to base 12.
9
Convert 1 (base 3) to base 8.
1
-6 (base 7) to base 11
-6
-1 (base 11) to base 12
-1
What is 2 (base 12) in base 4?
2
1 (base 4) to base 2
1
-25 (base 14) to base 2
-100001
What is 7 (base 12) in base 11?
7
-111 (base 4) to base 14
-17
Convert 78 (base 14) to base 2.
1101010
What is 3330 (base 4) in base 5?
2002
What is 12 (base 14) in base 15?
11
What is 28 (base 16) in base 15?
2a
Convert 0 (base 16) to base 9.
0
e (base 15) to base 2
1110
-4 (base 11) to base 3
-11
Convert -154 (base 9) to base 16.
-82
What is -13 (base 8) in base 16?
-b
What is -19 (base 14) in base 9?
-25
-21 (base 5) to base 15
-b
4 (base 10) to base 6
4
Convert 21 (base 7) to base 6.
23
Convert 9 (base 14) to base 10.
9
What is 3 (base 7) in base 14?
3
What is -4 (base 11) in base 15?
-4
Convert 10 (base 5) to base 16.
5
Convert c2 (base 16) to base 5.
1234
3 (base 16) to base 6
3
Convert 1 (base 15) to base 7.
1
2 (base 6) to base 13
2
-2 (base 3) to base 16
-2
What is -12 (base 3) in base 8?
-5
c1 (base 14) to base 3
20021
Convert -8 (base 10) to base 8.
-10
53 (base 10) to base 14
3b
What is -1110 (base 3) in base 10?
-39
-12 (base 9) to base 10
-11
What is -12 (base 9) in base 5?
-21
Convert -340 (base 7) to base 3.
-20111
What is 116 (base 9) in base 10?
96
Convert -c (base 13) to base 16.
-c
What is 212 (base 3) in base 7?
32
Convert -44 (base 14) to base 5.
-220
Convert 1240 (base 5) to base 15.
d0
What is -b9 (base 15) in base 4?
-2232
Convert 0 (base 10) to base 12.
0
What is 100 (base 2) in base 6?
4
What is -1 (base 16) in base 15?
-1
Convert -1 (base 3) to base 6.
-1
Convert 6 (base 8) to base 15.
6
Convert 60 (base 12) to base 3.
2200
What is -31 (base 11) in base 5?
-114
What is -119 (base 14) in base 7?
-432
Convert -310 (base 4) to base 3.
-1221
What is 14 (base 15) in base 6?
31
What is -120 (base 8) in base 13?
-62
Convert 10 (base 14) to base 15.
e
What is 64 (base 7) in base 13?
37
What is -149 (base 13) in base 8?
-346
Convert -7 (base 10) to base 12.
-7
What is -9 (base 14) in base 2?
-1001
Convert 7 (base 13) to base 15.
7
-3 (base 6) to base 11
-3
What is -15 (base 13) in base 7?
-24
-28 (base 9) to base 15
-1b
What is -b (base 13) in base 3?
-102
Convert -9 (base 16) to base 10.
-9
-7 (base 13) to base 11
-7
Convert -1c8 (base 14) to base 16.
-174
-1212 (base 3) to base 13
-3b
What is -1 (base 13) in base 2?
-1
What is 3 (base 14) in base 13?
3
Convert 110022 (base 3) to base 2.
101001100
Convert 10111 (base 2) to base 4.
113
What is -2 (base 9) in base 5?
-2
1122 (base 3) to base 6
112
What is 4 (base 7) in base 9?
4
-6 (base 10) to base 9
-6
What is -2 (base 6) in base 9?
-2
Convert 177 (base 10) to base 3.
20120
What is -2 (base 9) in base 14?
-2
Convert 324 (base 6) to base 13.
97
What is -201 (base 8) in base 5?
-1004
43 (base 10) to base 14
31
What is -1011 (base 2) in base 5?
-21
-1 (base 4) to base 8
-1
23 (base 11) to base 15
1a
9 (base 14) to base 8
11
Convert -3 (base 8) to base 12.
-3
-1 (base 7) to base 11
-1
-323 (base 4) to base 5
-214
Convert 166 (base 8) to base 6.
314
What is -211 (base 3) in base 11?
-20
-17 (base 10) to base 9
-18
What is -43 (base 5) in base 3?
-212
Convert -18 (base 12) to base 4.
-110
-351 (base 9) to base 10
-289
What is -101 (base 11) in base 2?
-1111010
Convert 4 (base 14) to base 15.
4
What is -3 (base 16) in base 10?
-3
What is 0 (base 8) in base 6?
0
Convert 7 (base 15) to base 8.
7
Convert 2d (base 14) to base 3.
1112
Convert a0 (base 11) to base 12.
92
-154 (base 10) to base 16
-9a
What is 1 (base 7) in base 4?
1
Convert 6 (base 16) to base 13.
6
Convert -4 (base 12) to base 9.
-4
101101 (base 2) to base 7
63
What is 1 (base 15) in base 5?
1
Convert 79 (base 10) to base 12.
67
Convert 2414 (base 5) to base 3.
111022
-56 (base 14) to base 12
-64
-1011 (base 2) to base 14
-b
What is 3 (base 12) in base 9?
3
What is 10 (base 9) in base 4?
21
Convert -20 (base 3) to base 10.
-6
Convert 1001 (base 3) to base 5.
103
Convert -311 (base 6) to base 11.
-a5
11 (base 7) to base 10
8
Convert 1100 (base 2) to base 8.
14
Convert -144 (base 15) to base 16.
-121
113 (base 4) to base 6
35
What is 1221 (base 3) in base 8?
64
1 (base 10) to base 14
1
133 (ba